-5*x + 13*c = 12*c - 82, 4*x - 5*c = 74. Suppose -x*b + 73 - 9 = 0. Let f(g) = -g**2 + 4*g + 5. Give f(b).
5
Let y(r) = -5441*r**3 - r - 5473*r**3 + 11038*r**3. Determine y(-1).
-123
Let s(h) = 4*h**3 + 55*h**2 + 158*h + 71. Let g(a) = a**3 + 14*a**2 + 41*a + 18. Let z(d) = 23*g(d) - 6*s(d). Give z(-8).
28
Let i(w) = 5*w + 1. Let c be (3 - -3)*(-3)/9*-1. Suppose -c = -2*h - 2*k + 2, 9 = 3*k. Let y(a) = -1. Let x(d) = h*i(d) - 4*y(d). Determine x(4).
-17
Let m(p) = 3*p - 2. Let h be 1648/104 - (-4)/26. Suppose -5*q - h + 6 = 4*n, -2*q - 2*n - 6 = 0. Suppose -b + q*b = -2. What is m(b)?
-8
Let t(v) = v**2 - 2*v - 21. Suppose 5 - 29 = 4*n, -5*n - 42 = 4*p. Determine t(p).
-6
Suppose -30 = -4*l + 3*n, -l + 2*n - 28 + 38 = 0. Let x(w) = -w**3 + 7*w**2 - 7*w + 13. Calculate x(l).
7
Let u(a) = -a - 7. Suppose 0 = -21*w + 5*w + 1152. Let l be (w/60)/((-6)/(-15)). Let k = l + -8. Give u(k).
-2
Suppose -4*x = -0*x. Suppose 7*b = 2*d + 4*b - 41, 3*d + 2*b - 68 = x. Let g(l) = d*l - 46*l - 3*l**2 + 1 + 24*l. Determine g(-1).
-2
Let m(f) = -8*f - 21. Suppose -7053 + 7648 = -85*o. Determine m(o).
35
Let x(b) = 2*b**2 - 366948*b**3 - 3*b**2 + 17*b + 366947*b**3 + 3 - 3*b**2. Determine x(-6).
-27
Let g(m) = m**2 - 15*m**3 - 4*m - 6 + 4*m**2 + m**2 + m**2 - m. Let b(z) = -2*z**3 + z**2 - z - 1. Let v(h) = 5*b(h) - g(h). Give v(1).
4
Let k(t) = -1238 + 379 + t + 405 + 456. Let u(b) = b**3 + 5*b**2 + 3*b - 4. Let g be u(-3). Suppose g*l = -5*r - 10, -2*l = 2*l + 2*r + 10. What is k(l)?
-1
Let h be (-1)/(-1 - 66/(-63)). Let b = -20 - h. Let y(x) = 3*x**2 - 2. Let w(a) = -2*a**2 + 1. Let u(d) = -3*w(d) - y(d). What is u(b)?
2
Let i(b) = -3*b**3 - 23*b**2 - 49*b + 27. Let x(g) = -7*g**3 - 44*g**2 - 98*g + 54. Let m(n) = 5*i(n) - 2*x(n). What is m(-25)?
2
Let o(k) = 0*k**2 + k**2 + 63 - 25 + 10*k - 48. Suppose 5*g = r - 1 - 7, 4*r + 37 = -3*g. Calculate o(r).
-31
Let b(l) = -3*l - 8. Let f(n) = 2*n + 8. Let s(q) = -3*b(q) - 4*f(q). Suppose -3*p - 12 = -27. Suppose -2*m - 3*m - 5*t = -55, 0 = -m + 3*t - p. What is s(m)?
-1
Let b(x) be the second derivative of -x**4/12 + 3*x**3/2 - 6*x**2 - 7058*x. Give b(7).
2
Let l(o) = -33*o**2 + 395*o + 11. Let i be l(12). Let u(c) = 51*c + 54. Determine u(i).
3
Let l(b) be the second derivative of -b**4/12 - 2*b**3 - 21*b**2/2 - 261*b + 1. Give l(-8).
11
Let m(y) = -y**2 + 307*y + 307. Let q be m(-1). Let a(d) = -7*d**2 + 2*d + 1. Calculate a(q).
-8
Let m(i) be the second derivative of 7*i**5/20 - i**4/6 + i**2/2 + 1107*i + 1. Calculate m(-1).
-8
Let f be -35 + 19 + (5 - 1). Let t(s) = -2*s**2 - 21*s - 42. Let o(m) = 3*m**2 + 31*m + 64. Let x(b) = 5*o(b) + 8*t(b). What is x(f)?
-4
Let s be (-13 - -29)/(-32)*(-12 + 0). Let u(b) = 29*b - 189. Determine u(s).
-15
Let g = 4407 + -4411. Let n(d) = -d**3 - 6*d**2 - d + 15. What is n(g)?
-13
Let s(u) = -2*u + u**2 + u + u. Let j be -10 - (-38 - -13) - 18. Calculate s(j).
9
Let v(k) be the second derivative of -k**4/12 - 3*k**3/2 + k**2/2 + k. Let g be -1545*((-171)/54 - 15/(-6)). Let n = 1022 - g. Give v(n).
9
Let r = -21 - -18. Let o be 0/(-1 - r/(-6)*0). Let c(p) = 3 + 3*p - 4*p - 6 - 10. Determine c(o).
-13
Let a = 1651 + -1659. Let u(m) = 2*m**2 + 11*m + 1. Calculate u(a).
41
Suppose 27 - 3 = p. Let s = 24 - p. Suppose s = 3*d - 1 + 13. Let y(a) = 4*a + 1. Give y(d).
-15
Let b(t) be the first derivative of t**4/4 - 25*t**3/3 + 43*t**2 - 33*t - 2147. Give b(21).
9
Suppose 49 = 21*f - 119. Suppose f + 0 = 2*g. Let q(y) = y**3 - 8*y**2 + 3*y + 1. Let c(o) = o**2 - o - 1. Let i(j) = -4*c(j) - q(j). Give i(g).
7
Let d(c) = -23*c**2 + 33*c - 15. Let z(h) = -10*h**2 + 16*h - 8. Let w(u) = -3*d(u) + 7*z(u). Give w(10).
19
Let n(p) = p**2 - 3*p + 2. Let q be -159 - -176 - 7*2. What is n(q)?
2
Let h(c) = -2*c**2 - 16*c - 4. Let j be h(-8). Let y(v) = -v**3 - 2*v**2 + 8*v - 6. What is y(j)?
-6
Let k(m) = -2*m**2 - 2*m + 31. Let j(c) = c**3 - 16*c**2 + 11*c + 64. Let y be j(15). What is k(y)?
-9
Let n(s) = -s**3 - 3*s**2 + 2*s - 6. Suppose 9*g = -5*g + 560. Suppose 0 = 2*j + g - 32. Give n(j).
2
Let a = 70662 - 70653. Let q(s) = 9*s - 28. Let o(h) = -3*h + 9. Let d(z) = 11*o(z) + 4*q(z). Give d(a).
14
Let j(c) = -3 + 2 - 36*c**3 - 351*c - 37*c**3 + 352*c + 72*c**3 - 3*c**2. What is j(-3)?
-4
Let q(v) = v**3 - v**2 + 1. Let j(u) = -2*u**3 + 9*u**2 + 4*u - 9. Suppose -x = 3*x + 4. Let g(m) = x*j(m) - 3*q(m). Let n = 41 - 46. Determine g(n).
1
Let u(z) = -3*z**3 + 6*z**2 - 9. Let q(d) = -7*d**3 + 12*d**2 - 18. Let m(r) = 2*q(r) - 5*u(r). Calculate m(6).
9
Let r(j) = j**3 - 6*j**2 - j + 1. Let z = -9 - 50. Let d = z + 72. Suppose 25 = -5*i, -5*m - 2*i + 33 = d. Calculate r(m).
-5
Let g(l) be the first derivative of -l**6/120 - l**5/6 - l**4/24 - 2*l**3/3 - l**2 + 15*l + 135. Let y(s) be the second derivative of g(s). Determine y(-10).
6
Suppose -2*w + 1 + 3 = 2*l, 0 = -w + l. Let t be 147/(-56)*-2*(-4)/(-3). Let o(p) = -3*p**3 + 2 - 8 + 6*p**3 - 2*p**2 + t. What is o(w)?
2
Let o(m) = 26694 + m**2 - 13351 + 3*m**3 - 13344. Let f(k) = -k**3 + 4*k**2 - 1. Let a be f(4). Determine o(a).
-3
Let y(x) = x**3 - 5*x**2 + 4*x - 2. Let p = -32 + 36. Let a be (-1)/1 - (p - 8). Let n be (-4 - -7)*2/a. What is y(n)?
-6
Let q(p) = -p**3 - 14*p**2 - 29*p + 3. Suppose -7908 = 210*k + 449*k. Calculate q(k).
63
Let z(s) = -s. Suppose 2*c + 2*i = c + 7, 8 = 4*c + 3*i. Let p(q) = -1. Let a(r) = c*z(r) - 3*p(r). Calculate a(0).
3
Let o(d) = -d**3 - d**2 + d + 32. Let l be (28/12 + -3)/((-1)/426). Let u = l - 284. What is o(u)?
32
Suppose -2*v = -q + 7, -2*q - 2*q + v = 7. Let s(z) be the first derivative of 3/2*z**2 + 3*z - 552. Calculate s(q).
-6
Let n(t) = -t**2 - 2*t + 14. Let o = 173 + -162. Suppose -o*j = -8*j - 2*j. Determine n(j).
14
Suppose -2 - 11 = -s. Let f(r) be the first derivative of r**2/2 - 21*r + 77047. What is f(s)?
-8
Let x be (2 - 3)/(1/(-6)). Let m(h) = 5*h**2 + h - x + 3 + 1 - h**3 + 3*h**2. Suppose 9*d - 32 = 40. Calculate m(d).
6
Let q(d) = -d**2 - 20*d + 19. Let o(v) = v**2 + 21*v - 18. Let h(f) = -4*o(f) - 5*q(f). What is h(-17)?
-6
Let v = -36351 - -36354. Let i(c) = -3*c**2 + 4*c - 5. Determine i(v).
-20
Let b be 0/(5/(-15)*-9). Suppose -p - 12 = -4*u + 8, -3*u - p + 15 = b. Let j(o) = -8*o + 4 + u*o - o**2 + 2*o**2 + 2*o. Give j(0).
4
Let d = 83 - 47. Let m = 91 + -51. Let h(w) = d - m + 3*w + w. Calculate h(4).
12
Let r(j) = 4788*j - 6 + 2*j**2 + 2*j**2 + 2*j**2 - 4782*j. What is r(1)?
6
Let w(r) = -r**2 + 6*r - 5. Let d(m) = m**2 - 3*m + 3. Let u(s) = -7*d(s) - 4*w(s). Suppose -11 = 8*i + 29 - 24. Give u(i).
-7
Let l(r) = -271806 + 136590 + 135907 + 43*r. Give l(-16).
3
Suppose -27 = -2*j + 99. Let u be (-6)/(-9)*j/14. Let l(o) be the first derivative of o**3/3 + o**2/2 - 4*o + 10. What is l(u)?
8
Suppose 141*k + 11*k = -1520. Let l(b) = -b**2 - 7*b + 34. Calculate l(k).
4
Let q(t) = 3*t**3 + 7*t**2 - 4*t - 4. Let s be (14 - (6 + (9 - 5))) + -7. Determine q(s).
-10
Let x(v) = -v + 2. Let j(d) = -4*d - 26. Let z = 62 - 73. Let o be j(z). Suppose -6*l + 0*l = o. What is x(l)?
5
Let y(s) = -s**2 + 10*s + 9. Let h(i) = 2*i**3 - 11*i**2 - 41*i + 25. Let g be h(8). What is y(g)?
-110
Let o be (-39)/(1 - 2200/2176). Let t be o/(-520) - (-8)/10. Let r(q) = -q**2 - 13*q - 9. Calculate r(t).
33
Suppose -4*q + 3*c + 13 = 0, 4*q + c = 6 + 11. Let b(l) = -19*l**2 + 11*l - 67. Let h(w) = -7*w**2 + 4*w - 25. Let a(u) = 3*b(u) - 8*h(u). Determine a(q).
-13
Let z(q) be the third derivative of -14*q**2 + 5/6*q**3 + 1/24*q**4 + 3 + 0*q. Calculate z(-6).
-1
Let l(b) = -126*b - 2*b**3 - b**2 + 67*b + 3 + 62*b. Determine l(-2).
9
Let i(b) be the second derivative of 8*b**3/3 + 3*b**2/2 - 76*b - 6. Give i(-4).
-61
Let a(g) = 4*g + 3. Let y = 3096 - 3085. Suppose -5*t - 4*v + 16 = -0*v, 5*t - 4*v + 16 = 0. Suppose -6*c - y - 19 = t. Determine a(c).
-17
Let k(y) = 13*y - 289. Let u(p) = 13*p - 237. Let i(h) = 5*k(h) - 6*u(h). Determine i(4).
-75
Let w(n) = 2 - 6*n**2 + 155*n - 158*n - 912*n**3 + 913*n**3 - 1. What is w(3)?
-35
Let h(k) = 4*k + 24. Suppose 80*n - 44*n = 44*n + 104. What is h(n)?
-28
Let z(g) = -10*g + 65. Let w(n) = 10*n**3 - 1020*n**2 - n + 109. Let c be w(102). Give z(c).
-5
Let r be (-12)/9 + (-264)/(-9). Let s(b) = 3*b - 2*b**2 - b**2 + r*b**3 - 26*b**3. Calculate s(2).
10
Let j(y) = -9*y*